{"id":509,"date":"2025-11-21T15:13:26","date_gmt":"2025-11-21T14:13:26","guid":{"rendered":"https:\/\/fenix-asso.com\/?page_id=509"},"modified":"2025-11-28T14:21:24","modified_gmt":"2025-11-28T13:21:24","slug":"stage","status":"publish","type":"page","link":"https:\/\/fenix-asso.com\/index.php\/stage\/","title":{"rendered":"STAGE"},"content":{"rendered":"\n<div style=\"height:100px\" aria-hidden=\"true\" class=\"maxi-block--use-sc wp-block-spacer\"><\/div>\n\n\n\n<h3 class=\"maxi-block--use-sc wp-block-heading\"><strong>Stages FENIX Toulouse Handball<\/strong><\/h3>\n\n\n\n<p class=\"maxi-block--use-sc\"><strong>Progresse, partage et vis ton handball au c\u0153ur du FENIX !<\/strong><\/p>\n\n\n\n<p class=\"maxi-block--use-sc\">Plonge au sein de l\u2019univers FENIX et d\u00e9couvre une exp\u00e9rience unique, encadr\u00e9e par des entra\u00eeneurs passionn\u00e9s et attentifs. Nos stages offrent un cadre id\u00e9al pour progresser techniquement, d\u00e9velopper ta vision du jeu et renforcer ton esprit d\u2019\u00e9quipe, quel que soit ton niveau. Entre s\u00e9ances sp\u00e9cifiques, moments de convivialit\u00e9 et rencontres avec le monde professionnel, chaque journ\u00e9e est pens\u00e9e pour t\u2019aider \u00e0 grandir en tant que joueur\u2026 et en tant que personne. Rejoins-nous pour vivre une semaine intense, enrichissante et 100 % handball !<\/p>\n\n\n\n<div class=\"maxi-block--use-sc wp-block-buttons is-content-justification-center is-layout-flex wp-container-core-buttons-is-layout-a89b3969 wp-block-buttons-is-layout-flex\">\n<div class=\"maxi-block--use-sc wp-block-button has-custom-width wp-block-button__width-50\"><a class=\"wp-block-button__link wp-element-button\" style=\"border-radius:100px\">INSCRIPTION<\/a><\/div>\n<\/div>\n\n\n\n<div style=\"height:100px\" aria-hidden=\"true\" class=\"maxi-block--use-sc wp-block-spacer\"><\/div>\n\n\n\n<figure class=\"maxi-block--use-sc wp-block-image size-full\"><img loading=\"lazy\" decoding=\"async\" width=\"2560\" height=\"1420\" src=\"https:\/\/fenix-asso.com\/wp-content\/uploads\/2025\/11\/20251020_124444-scaled.jpg\" alt=\"\" class=\"wp-image-423\" srcset=\"https:\/\/fenix-asso.com\/wp-content\/uploads\/2025\/11\/20251020_124444-scaled.jpg 2560w, https:\/\/fenix-asso.com\/wp-content\/uploads\/2025\/11\/20251020_124444-300x166.jpg 300w\" sizes=\"auto, (max-width: 2560px) 100vw, 2560px\" \/><\/figure>\n\n\n\n<div style=\"height:100px\" aria-hidden=\"true\" class=\"maxi-block--use-sc wp-block-spacer\"><\/div>\n\n\n\n<h2 class=\"maxi-block--use-sc wp-block-heading\">Nos stages<\/h2>\n\n\n\n<p class=\"maxi-block--use-sc\">STAGE TOUSSAINT : du lundi 20 octobre au vendredi 24 octobre<\/p>\n\n\n\n<p class=\"maxi-block--use-sc\">STAGE  HIVER : du lundi 23 f\u00e9vrier au vendredi 27 f\u00e9vrier<\/p>\n\n\n\n<p class=\"maxi-block--use-sc\">STAGE PRINTEMPS : du lundi 20 avril au vendredi 24 avril<\/p>\n\n\n\n<p class=\"maxi-block--use-sc\">STAGE \u00c9T\u00c9 : A d\u00e9finir<\/p>\n\n\n\n<div style=\"height:100px\" aria-hidden=\"true\" class=\"maxi-block--use-sc wp-block-spacer\"><\/div>\n","protected":false},"excerpt":{"rendered":"<p>Stages FENIX Toulouse Handball Progresse, partage et vis ton handball au c\u0153ur du FENIX ! Plonge au sein de l\u2019univers FENIX et d\u00e9couvre une exp\u00e9rience unique, encadr\u00e9e par des entra\u00eeneurs passionn\u00e9s et attentifs. Nos stages offrent un cadre id\u00e9al pour progresser techniquement, d\u00e9velopper ta vision du jeu et renforcer ton esprit d\u2019\u00e9quipe, quel que soit [&hellip;]<\/p>\n","protected":false},"author":4,"featured_media":0,"parent":0,"menu_order":0,"comment_status":"closed","ping_status":"closed","template":"","meta":{"footnotes":""},"class_list":["post-509","page","type-page","status-publish","hentry"],"_links":{"self":[{"href":"https:\/\/fenix-asso.com\/index.php\/wp-json\/wp\/v2\/pages\/509","targetHints":{"allow":["GET"]}}],"collection":[{"href":"https:\/\/fenix-asso.com\/index.php\/wp-json\/wp\/v2\/pages"}],"about":[{"href":"https:\/\/fenix-asso.com\/index.php\/wp-json\/wp\/v2\/types\/page"}],"author":[{"embeddable":true,"href":"https:\/\/fenix-asso.com\/index.php\/wp-json\/wp\/v2\/users\/4"}],"replies":[{"embeddable":true,"href":"https:\/\/fenix-asso.com\/index.php\/wp-json\/wp\/v2\/comments?post=509"}],"version-history":[{"count":6,"href":"https:\/\/fenix-asso.com\/index.php\/wp-json\/wp\/v2\/pages\/509\/revisions"}],"predecessor-version":[{"id":618,"href":"https:\/\/fenix-asso.com\/index.php\/wp-json\/wp\/v2\/pages\/509\/revisions\/618"}],"wp:attachment":[{"href":"https:\/\/fenix-asso.com\/index.php\/wp-json\/wp\/v2\/media?parent=509"}],"curies":[{"name":"wp","href":"https:\/\/api.w.org\/{rel}","templated":true}]}}